e 8*w - 5140 - 2436 = 0. List the prime factors of w.
947
Let k(v) = v**2 + 26*v + 52. Let d be k(-24). Suppose 273 = d*n - 563. What are the prime factors of n?
11, 19
Suppose 57*o - 53*o = 2028. What are the prime factors of o?
3, 13
Let o(s) = 2*s - 2. Let r be o(4). Suppose -p + 76 = c - r*p, 12 = -4*p. List the prime factors of c.
61
Let q = 21 - 16. Suppose 5*p - 3 = -q*k + 7, -4*p + 11 = k. What are the prime factors of k/5 - 242/(-10)?
2, 3
Let z(g) = g**2 + 9*g - 2. Let u be z(-10). Let c = u + 14. List the prime factors of c.
2, 11
Let f(w) = w**3 - 7*w**2 - 7*w - 10. Let x be f(8). Let p(g) = -4*g + 2*g - 3*g. What are the prime factors of p(x)?
2, 5
Let m = -2604 - -3686. What are the prime factors of m?
2, 541
Suppose -5 + 4 = -h. List the prime factors of (-20)/4*h/(-1).
5
Let y(v) = 5338*v**3 + 4*v**2 - v - 1. List the prime factors of y(1).
2, 3, 5, 89
Let d be 23/4*(-28)/(-7). Let a(b) = 3*b**3 - 2 + 3*b + 1 - b - b**2 + d*b**3. What are the prime factors of a(1)?
2, 13
Let p(q) = 6*q**3 - 8*q**2 + 9*q - 9. List the prime factors of p(5).
2, 293
Let a = 93 + -46. Suppose -4*i = 7 - a. What are the prime factors of i?
2, 5
What are the prime factors of 3*4/((-24)/(-426))?
3, 71
Let q be 35*(-3 + (-28)/(-8))*4. Let r = q - 68. List the prime factors of r.
2
Let l be 6 + -14 + 12 - (1 - -12). What are the prime factors of (-102)/l - (-3 - (-20)/6)?
11
Let i(q) = q + 4. Let t be i(0). Suppose -35 = -t*d + 5. Suppose d = n - 6. List the prime factors of n.
2
Suppose -3*p + 1441 + 155 = 0. What are the prime factors of p?
2, 7, 19
Let q(d) = -164*d - 24. What are the prime factors of q(-2)?
2, 19
Let s be 5 - 14/3 - 5/(-3). List the prime factors of (4 - -114) + (-3 - s).
113
Suppose 2*d + 2*d + 3*v = 244, -d + 61 = 5*v. Let m = d - 14. List the prime factors of m.
47
Suppose -5*i - 10 = -5*r, -5*i - 10 = 3*r + 2*r. Suppose r = -b - 0*b. Suppose -5*y + y + 24 = b. What are the prime factors of y?
2, 3
Suppose 0 = -k - k + 100. Let f be 5/2*(-80)/k. What are the prime factors of 5 + f + 2 - -43?
2, 23
Suppose -30 = 2*s - 7*s. What are the prime factors of (142/s)/((-1)/(-3))?
71
Suppose 0 = -2*k - 5*a + 659, -2*a - 1756 = -4*k - 498. Suppose 6*n - 247 = k. List the prime factors of n.
2, 47
Let s(q) = -2*q**3 - 16*q**2 - 11*q - 12. Suppose f + 4 = -4. What are the prime factors of s(f)?
2, 19
Suppose 0 = 20*t + 33*t - 48495. List the prime factors of t.
3, 5, 61
Let a = -10 + 40. Suppose 5*b = -25, 3*v + 2*b - a = v. Let z = 2 + v. List the prime factors of z.
2, 11
Let j(v) = 293*v - 50. What are the prime factors of j(3)?
829
Let k = 64 - -79. List the prime factors of 15/6 + k/2.
2, 37
Let a(k) = 2*k**3 + 96*k**2 - 42*k - 164. List the prime factors of a(-48).
2, 463
Let c = -339 + 731. List the prime factors of c.
2, 7
Suppose 18*q - 7*q - 11 = 0. What are the prime factors of (-4)/(-10) + (-2109)/(-15) + q?
2, 71
Let o(b) = -88*b + 42. List the prime factors of o(-7).
2, 7, 47
Let l(v) = 10*v - 15*v**3 + 0*v**2 - 1 + 14*v**3 + 3 - 3*v**2. List the prime factors of l(-7).
2
Let v = -2 + 10. Let j be 7 - v/(12/3). Suppose 0 = g - j*g + 120. List the prime factors of g.
2, 3, 5
Let d be 30/14 + ((-18)/9)/14. Suppose d*l - 4*f - 107 - 169 = 0, 4*l + 4*f = 564. What are the prime factors of l?
2, 5, 7
What are the prime factors of 6/((-2178)/(-543) + (1 - 5))?
3, 181
Let z = -1 - -1. Suppose -2*o + 3*r + 2 = z, -5*o + 6*r - 4*r = -16. Suppose 0 = o*s + 2 - 74. List the prime factors of s.
2, 3
Let m = -1078 - -2238. What are the prime factors of m?
2, 5, 29
Suppose c - 18*u + 22*u = 1094, 0 = -c + 2*u + 1094. What are the prime factors of c?
2, 547
Let n(m) be the first derivative of 20*m**3/3 + m**2 - 2*m + 21. What are the prime factors of n(2)?
2, 41
Let q(v) be the first derivative of v**3/3 + 17*v + 4. What are the prime factors of q(-7)?
2, 3, 11
List the prime factors of (1 - 20/15)/((-2)/246).
41
Let n = 227 + -206. List the prime factors of n.
3, 7
Let g = -1 - -1. Suppose 138*b - 64 = 134*b. Suppose g = 2*q + p - 29, -5*p - b = 9. List the prime factors of q.
17
Suppose -243 = -4*o + 413. Suppose 3*l = 2*l + d + o, -2 = -2*d. What are the prime factors of l?
3, 5, 11
Suppose 2*m = -3*u + 2040, 3*m - 3060 = 66*u - 71*u. What are the prime factors of m?
2, 3, 5, 17
What are the prime factors of 3042/5 - (-222)/370?
3, 7, 29
Suppose 13 + 14 = 3*h - 3*x, -14 = -2*h + x. Let d(s) = 11*s**2 - 5*s**2 - 2*s**3 + 0 - 330*s + 334*s + s**3 - 1. List the prime factors of d(h).
2, 11
Let x = 5 + -21. Let f = -25 - x. What are the prime factors of (3/(-2))/(f/12)?
2
Suppose 0 = -8*z + 3*z + 15. Let p be z/(-2)*-4 + -3. Suppose -4*w = 5*k - 131, k - 2*k + 5*w = -p. List the prime factors of k.
23
Let b = 10 + -10. Let c be 6/3 - b - 8. List the prime factors of 3*(-20)/c - -1.
11
Let j be (3/(-6))/1*-10. Suppose 0 = -j*i - i + 108. What are the prime factors of i?
2, 3
Let u(l) = l**3 + l**2 + l + 17. Let g be u(0). List the prime factors of g/(-51) - 328/(-3).
109
Suppose 2*u = 3*c + 1149, -4*c + 2058 + 210 = 4*u. List the prime factors of u.
2, 3, 5, 19
Let x(h) = -2*h**2 + 5*h - 2. Let l be x(4). Let d = l + 16. What are the prime factors of (-1)/d + 195/6?
2
Suppose 10 - 5 = g. Suppose -g*k = -k - 52. What are the prime factors of k?
13
Let w = 172 - 70. What are the prime factors of w?
2, 3, 17
Suppose -63 = -11*z + 10*z. Suppose -i - 2*i + z = 3*m, -m + 21 = 3*i. Let g = m + 30. What are the prime factors of g?
3, 17
Let t(l) = 41*l**2 + 13*l + 8. What are the prime factors of t(-4)?
2, 3, 17
Let i = 397 + -321. List the prime factors of i.
2, 19
Let t(u) = -u**3 + 9*u**2 - 6*u - 4. Let v be t(8). Let y be 136/v - 2/6. Suppose y + 49 = 4*s. List the prime factors of s.
3, 5
Let s = 12 - 14. Let r be -1*(s + (-26)/2). Suppose 2*p + 5*x - r = -p, 5*p + 3*x - 41 = 0. List the prime factors of p.
2, 5
What are the prime factors of -236*((5 - 0) + -7 - -1)?
2, 59
Suppose -62 - 391 = 3*c. Let b = 218 + c. List the prime factors of b.
67
Let j(o) = -52*o + 257. What are the prime factors of j(-11)?
829
Let k(g) = -g**2 + 5*g + 5. Let t be k(5). Let n be 15/t + -1 + 0. Suppose -5*h + 57 = -n*h. What are the prime factors of h?
19
Let t(k) = 5*k**2 + 9*k - 6. What are the prime factors of t(14)?
2, 5, 11
Let c(g) = 8*g + 4*g**2 - 2*g**2 - 3*g**2 - 9. Let f be c(7). List the prime factors of f/(4/144*-3).
2, 3
Suppose -j - 2*k + 116 = 0, 9*j - 605 = 4*j - 5*k. What are the prime factors of j?
2, 3, 7
Suppose 9 + 11 = -2*x. Let r be 2/x + 31/5. Suppose r*q = 5*q + 24. List the prime factors of q.
2, 3
Let j(x) = -x**2 + 2*x - 4. Let u be j(2). Let s(t) = -t**3 - 2*t**2 - 4*t - 7. Let r be s(u). Suppose 7 - r = -z. List the prime factors of z.
2, 17
Let n(c) = 3*c + 9. Let s be n(-3). Suppose -q + 2*t + 1 = 0, -2*q - 2 = 3*t + 3. What are the prime factors of s - ((q - 2) + -10)?
13
Let r(c) = c**3 + 18*c**2 + 29*c + 20. List the prime factors of r(-15).
2, 5, 13
Let f = -117 - -166. Let c be 110/38 + (-24)/(-228). Suppose c*v - f = 2*v. List the prime factors of v.
7
Let j be (-1)/(-3) - (1785/9 + -1). Let n = -90 - j. List the prime factors of n.
107
Suppose -137*k + 2*s + 3288 = -136*k, -5*k + 4*s + 16416 = 0. List the prime factors of k.
2, 5, 41
Suppose -4615*c = -4606*c - 29610. List the prime factors of c.
2, 5, 7, 47
Let u(a) = 4*a**2 + 5*a - 9. Let r be u(3). Let d be 0 - 0 - (0 + 14). Let c = d + r. List the prime factors of c.
2, 7
Suppose -5*q = 2*b - 39, -5*b - 3*q + 49 = -1. Let o(y) = 8*y - 10. Let f be o(b). Suppose 0 = -2*j + 44 + f. List the prime factors of j.
3, 5
Suppose -62 = 14*d + 36. List the prime factors of (-292)/d*7/2.
2, 73
Suppose -5*h + 86 = c - h, 0 = -5*c - h + 373. Suppose -l - 55 = -k + 4*l, 5*k + 5*l = 215. Let p = c - k. List the prime factors of p.
29
Suppose 25*w - 821 - 79 = 0. Suppose d - 52 = 2*p, 148 = 3*d + 2*p - 4*p. Let b = w + d. List the prime factors of b.
2, 3, 7
Let x(n) = -4*n - 9. Let g(h) be the second derivative of -h**4/12 + 7*h**3/3 - 19*h**2/2 + 4*h. Let k be g(13). What are the prime factors of x(k)?
3, 5
Suppose 5*u = u + 2440. What are the prime factors of u?
2, 5, 61
Let v(r) = -r**3 - 25*r - 28. Let k be v(-15). Suppose 0 = -20*c + k - 1302. What are the prime factors of c?
11